CRAN Package Check Results for Package ludic

Last updated on 2021-11-26 19:52:55 CET.

Flavor Version Tinstall Tcheck Ttotal Status Flags
r-devel-linux-x86_64-debian-clang 0.2.0 93.62 120.98 214.60 OK
r-devel-linux-x86_64-debian-gcc 0.2.0 68.23 94.93 163.16 OK
r-devel-linux-x86_64-fedora-clang 0.2.0 309.35 NOTE
r-devel-linux-x86_64-fedora-gcc 0.2.0 289.61 OK
r-devel-windows-x86_64-new-UL 0.2.0 125.00 180.00 305.00 OK
r-devel-windows-x86_64-new-TK 0.2.0 OK
r-devel-windows-x86_64-old 0.2.0 97.00 162.00 259.00 OK
r-patched-linux-x86_64 0.2.0 84.82 116.90 201.72 OK
r-patched-solaris-x86 0.2.0 330.10 OK
r-release-linux-x86_64 0.2.0 OK
r-release-macos-arm64 0.2.0 NOTE
r-release-macos-x86_64 0.2.0 NOTE
r-release-windows-ix86+x86_64 0.2.0 231.00 152.00 383.00 OK
r-oldrel-macos-x86_64 0.2.0 NOTE
r-oldrel-windows-ix86+x86_64 0.2.0 171.00 197.00 368.00 OK

Check Details

Version: 0.2.0
Check: installed package size
Result: NOTE
     installed size is 5.6Mb
     sub-directories of 1Mb or more:
     data 2.1Mb
     libs 3.2Mb
Flavors: r-devel-linux-x86_64-fedora-clang, r-release-macos-arm64, r-release-macos-x86_64, r-oldrel-macos-x86_64