CRAN Package Check Results for Package maczic

Last updated on 2021-10-16 07:49:11 CEST.

Flavor Version Tinstall Tcheck Ttotal Status Flags
r-devel-linux-x86_64-debian-clang 0.2.0 20.00 160.17 180.17 OK
r-devel-linux-x86_64-debian-gcc 0.2.0 15.30 117.22 132.52 OK
r-devel-linux-x86_64-fedora-clang 0.2.0 223.71 NOTE
r-devel-linux-x86_64-fedora-gcc 0.2.0 210.42 NOTE
r-devel-windows-x86_64 0.2.0 26.00 133.00 159.00 OK
r-devel-windows-x86_64-gcc10-UCRT 0.2.0 NOTE
r-patched-linux-x86_64 0.2.0 24.00 152.33 176.33 OK
r-patched-solaris-x86 0.2.0 284.70 NOTE
r-release-linux-x86_64 0.2.0 18.87 150.78 169.65 OK
r-release-macos-arm64 0.2.0 NOTE
r-release-macos-x86_64 0.2.0 NOTE
r-release-windows-ix86+x86_64 0.2.0 47.00 183.00 230.00 OK
r-oldrel-macos-x86_64 0.2.0 NOTE
r-oldrel-windows-ix86+x86_64 0.2.0 45.00 186.00 231.00 OK

Check Details

Version: 0.2.0
Check: dependencies in R code
Result: NOTE
    Namespace in Imports field not imported from: ‘mathjaxr’
     All declared Imports should be used.
Flavors: r-devel-linux-x86_64-fedora-clang, r-devel-linux-x86_64-fedora-gcc, r-devel-windows-x86_64-gcc10-UCRT, r-patched-solaris-x86, r-release-macos-arm64, r-release-macos-x86_64, r-oldrel-macos-x86_64