CRAN Package Check Results for Package mapcan

Last updated on 2019-07-16 07:50:52 CEST.

Flavor Version Tinstall Tcheck Ttotal Status Flags
r-devel-linux-x86_64-debian-clang 0.0.1 4.86 39.95 44.81 OK
r-devel-linux-x86_64-debian-gcc 0.0.1 4.87 31.97 36.84 OK
r-devel-linux-x86_64-fedora-clang 0.0.1 60.53 NOTE
r-devel-linux-x86_64-fedora-gcc 0.0.1 56.56 NOTE
r-devel-windows-ix86+x86_64 0.0.1 17.00 54.00 71.00 OK
r-patched-linux-x86_64 0.0.1 5.07 40.16 45.23 OK
r-patched-solaris-x86 0.0.1 92.10 NOTE
r-release-linux-x86_64 0.0.1 4.29 40.14 44.43 OK
r-release-windows-ix86+x86_64 0.0.1 11.00 86.00 97.00 OK
r-release-osx-x86_64 0.0.1 NOTE
r-oldrel-windows-ix86+x86_64 0.0.1 14.00 65.00 79.00 OK
r-oldrel-osx-x86_64 0.0.1 NOTE

Check Details

Version: 0.0.1
Check: dependencies in R code
Result: NOTE
    Namespace in Imports field not imported from: ‘dplyr’
     All declared Imports should be used.
Flavors: r-devel-linux-x86_64-fedora-clang, r-devel-linux-x86_64-fedora-gcc, r-patched-solaris-x86, r-release-osx-x86_64, r-oldrel-osx-x86_64

Version: 0.0.1
Check: data for non-ASCII characters
Result: NOTE
     Note: found 3058 marked UTF-8 strings
Flavors: r-devel-linux-x86_64-fedora-clang, r-devel-linux-x86_64-fedora-gcc, r-patched-solaris-x86, r-release-osx-x86_64, r-oldrel-osx-x86_64

Version: 0.0.1
Check: installed package size
Result: NOTE
     installed size is 5.4Mb
     sub-directories of 1Mb or more:
     data 2.5Mb
     doc 1.2Mb
     help 1.6Mb
Flavor: r-patched-solaris-x86