Last updated on 2021-02-26 07:49:45 CET.
Flavor | Version | Tinstall | Tcheck | Ttotal | Status | Flags |
---|---|---|---|---|---|---|
r-devel-linux-x86_64-debian-clang | 0.6 | 11.62 | 203.55 | 215.17 | OK | |
r-devel-linux-x86_64-debian-gcc | 0.6 | 10.54 | 146.78 | 157.32 | OK | |
r-devel-linux-x86_64-fedora-clang | 0.6 | 255.63 | NOTE | |||
r-devel-linux-x86_64-fedora-gcc | 0.6 | 245.81 | OK | |||
r-devel-windows-ix86+x86_64 | 0.6 | 23.00 | 298.00 | 321.00 | OK | |
r-patched-linux-x86_64 | 0.6 | 12.80 | 186.40 | 199.20 | OK | |
r-patched-solaris-x86 | 0.6 | 318.30 | OK | |||
r-release-linux-x86_64 | 0.6 | 11.65 | 191.96 | 203.61 | OK | |
r-release-macos-x86_64 | 0.6 | OK | ||||
r-release-windows-ix86+x86_64 | 0.6 | 29.00 | 6.00 | 35.00 | ERROR | |
r-oldrel-macos-x86_64 | 0.6 | OK | ||||
r-oldrel-windows-ix86+x86_64 | 0.6 | 19.00 | 364.00 | 383.00 | OK |
Version: 0.6
Check: Rd cross-references
Result: NOTE
Undeclared packages ‘logistf’, ‘brglm’ in Rd xrefs
Flavor: r-devel-linux-x86_64-fedora-clang
Version: 0.6
Check: whether package can be installed
Result: ERROR
Installation failed.
See 'd:/Rcompile/CRANpkg/local/4.0/mbest.Rcheck/00install.out'*
Flavor: r-release-windows-ix86+x86_64