CRAN Package Check Results for Package mboost

Last updated on 2019-07-16 07:50:52 CEST.

Flavor Version Tinstall Tcheck Ttotal Status Flags
r-devel-linux-x86_64-debian-clang 2.9-1 15.60 486.20 501.80 OK
r-devel-linux-x86_64-debian-gcc 2.9-1 10.68 363.17 373.85 OK
r-devel-linux-x86_64-fedora-clang 2.9-1 581.43 OK
r-devel-linux-x86_64-fedora-gcc 2.9-1 581.17 OK
r-devel-windows-ix86+x86_64 2.9-1 42.00 201.00 243.00 OK --no-vignettes
r-patched-linux-x86_64 2.9-1 16.63 460.22 476.85 OK
r-patched-solaris-x86 2.9-1 779.00 OK
r-release-linux-x86_64 2.9-1 14.38 461.33 475.71 OK
r-release-windows-ix86+x86_64 2.9-1 25.00 190.00 215.00 OK --no-vignettes
r-release-osx-x86_64 2.9-1 NOTE
r-oldrel-windows-ix86+x86_64 2.9-1 27.00 140.00 167.00 OK --no-vignettes
r-oldrel-osx-x86_64 2.9-1 OK

Check Details

Version: 2.9-1
Check: package dependencies
Result: NOTE
    Package suggested but not available for checking: ‘kangar00’
Flavor: r-release-osx-x86_64

Version: 2.9-1
Check: Rd cross-references
Result: NOTE
    Package unavailable to check Rd xrefs: ‘kangar00’
Flavor: r-release-osx-x86_64