CRAN Package Check Results for Package meaRtools

Last updated on 2019-07-16 07:50:53 CEST.

Flavor Version Tinstall Tcheck Ttotal Status Flags
r-devel-linux-x86_64-debian-clang 1.0.4 35.06 447.80 482.86 OK
r-devel-linux-x86_64-debian-gcc 1.0.4 29.63 324.00 353.63 OK
r-devel-linux-x86_64-fedora-clang 1.0.4 577.03 OK
r-devel-linux-x86_64-fedora-gcc 1.0.4 543.21 OK
r-devel-windows-ix86+x86_64 1.0.4 96.00 378.00 474.00 NOTE
r-patched-linux-x86_64 1.0.4 33.38 430.53 463.91 OK
r-patched-solaris-x86 1.0.4 816.00 OK
r-release-linux-x86_64 1.0.4 33.45 427.89 461.34 OK
r-release-windows-ix86+x86_64 1.0.4 69.00 562.00 631.00 NOTE
r-release-osx-x86_64 1.0.4 FAIL
r-oldrel-windows-ix86+x86_64 1.0.4 83.00 371.00 454.00 NOTE
r-oldrel-osx-x86_64 1.0.4 OK

Check Details

Version: 1.0.4
Check: installed package size
Result: NOTE
     installed size is 5.4Mb
     sub-directories of 1Mb or more:
     extdata 2.6Mb
     libs 1.5Mb
Flavors: r-devel-windows-ix86+x86_64, r-release-windows-ix86+x86_64, r-oldrel-windows-ix86+x86_64

Version: 1.0.4
Check: whether package can be installed
Result: FAIL
    
Flavor: r-release-osx-x86_64