CRAN Package Check Results for Package meerva

Last updated on 2021-10-19 07:49:42 CEST.

Flavor Version Tinstall Tcheck Ttotal Status Flags
r-devel-linux-x86_64-debian-clang 0.2-1 5.56 45.00 50.56 OK
r-devel-linux-x86_64-debian-gcc 0.2-1 4.40 33.04 37.44 OK
r-devel-linux-x86_64-fedora-clang 0.2-1 69.55 NOTE
r-devel-linux-x86_64-fedora-gcc 0.2-1 59.53 NOTE
r-devel-windows-x86_64 0.2-1 8.00 64.00 72.00 OK
r-devel-windows-x86_64-gcc10-UCRT 0.2-1 NOTE
r-patched-linux-x86_64 0.2-1 5.35 42.07 47.42 OK
r-patched-solaris-x86 0.2-1 84.10 NOTE
r-release-linux-x86_64 0.2-1 5.47 43.00 48.47 OK
r-release-macos-arm64 0.2-1 NOTE
r-release-macos-x86_64 0.2-1 NOTE
r-release-windows-ix86+x86_64 0.2-1 22.00 71.00 93.00 OK
r-oldrel-macos-x86_64 0.2-1 NOTE
r-oldrel-windows-ix86+x86_64 0.2-1 10.00 65.00 75.00 OK

Check Details

Version: 0.2-1
Check: dependencies in R code
Result: NOTE
    Namespace in Imports field not imported from: ‘dplyr’
     All declared Imports should be used.
Flavors: r-devel-linux-x86_64-fedora-clang, r-devel-linux-x86_64-fedora-gcc, r-devel-windows-x86_64-gcc10-UCRT, r-patched-solaris-x86, r-release-macos-arm64, r-release-macos-x86_64, r-oldrel-macos-x86_64