CRAN Package Check Results for Package memapp

Last updated on 2021-05-06 19:49:01 CEST.

Flavor Version Tinstall Tcheck Ttotal Status Flags
r-devel-linux-x86_64-debian-clang 2.14 3.60 32.73 36.33 OK
r-devel-linux-x86_64-debian-gcc 2.14 2.84 25.86 28.70 OK
r-devel-linux-x86_64-fedora-clang 2.14 56.64 NOTE
r-devel-linux-x86_64-fedora-gcc 2.14 44.51 NOTE
r-devel-windows-ix86+x86_64 2.14 12.00 52.00 64.00 OK
r-devel-windows-x86_64-gcc10-UCRT 2.14 NOTE
r-patched-linux-x86_64 2.14 3.31 32.00 35.31 OK
r-patched-solaris-x86 2.14 70.70 NOTE
r-release-linux-x86_64 2.14 3.11 32.38 35.49 OK
r-release-macos-x86_64 2.14 NOTE
r-release-windows-ix86+x86_64 2.14 8.00 39.00 47.00 OK
r-oldrel-macos-x86_64 2.14 NOTE
r-oldrel-windows-ix86+x86_64 2.14 7.00 52.00 59.00 OK

Check Details

Version: 2.14
Check: package dependencies
Result: NOTE
    Imports includes 21 non-default packages.
    Importing from so many packages makes the package vulnerable to any of
    them becoming unavailable. Move as many as possible to Suggests and
    use conditionally.
Flavor: r-devel-linux-x86_64-fedora-clang

Version: 2.14
Check: dependencies in R code
Result: NOTE
    Namespaces in Imports field not imported from:
     ‘DT’ ‘RColorBrewer’ ‘RODBC’ ‘dplyr’ ‘foreign’ ‘formattable’ ‘ggplot2’
     ‘haven’ ‘mem’ ‘openxlsx’ ‘plotly’ ‘readxl’ ‘shinyBS’ ‘shinyWidgets’
     ‘shinydashboard’ ‘shinyjs’ ‘shinythemes’ ‘stringi’ ‘stringr’ ‘tidyr’
     All declared Imports should be used.
Flavors: r-devel-linux-x86_64-fedora-clang, r-devel-linux-x86_64-fedora-gcc, r-devel-windows-x86_64-gcc10-UCRT, r-patched-solaris-x86, r-release-macos-x86_64, r-oldrel-macos-x86_64

Version: 2.14
Check: package dependencies
Result: NOTE
    Packages suggested but not available for checking: 'magick', 'animation'
Flavor: r-devel-windows-x86_64-gcc10-UCRT