CRAN Package Check Results for Package mets

Last updated on 2021-10-16 19:52:24 CEST.

Flavor Version Tinstall Tcheck Ttotal Status Flags
r-devel-linux-x86_64-debian-clang 1.2.9 330.25 510.99 841.24 OK
r-devel-linux-x86_64-debian-gcc 1.2.9 261.41 376.38 637.79 OK
r-devel-linux-x86_64-fedora-clang 1.2.9 1238.34 NOTE
r-devel-linux-x86_64-fedora-gcc 1.2.9 1173.08 OK
r-devel-windows-x86_64 1.2.9 358.00 555.00 913.00 NOTE
r-devel-windows-x86_64-gcc10-UCRT 1.2.9 OK
r-patched-linux-x86_64 1.2.9 307.66 524.45 832.11 OK
r-patched-solaris-x86 1.2.9 845.00 NOTE
r-release-linux-x86_64 1.2.9 303.40 522.42 825.82 OK
r-release-macos-arm64 1.2.9 NOTE
r-release-macos-x86_64 1.2.9 NOTE
r-release-windows-ix86+x86_64 1.2.9 821.00 827.00 1648.00 NOTE
r-oldrel-macos-x86_64 1.2.9 NOTE
r-oldrel-windows-ix86+x86_64 1.2.9 801.00 816.00 1617.00 NOTE

Check Details

Version: 1.2.9
Check: installed package size
Result: NOTE
     installed size is 29.0Mb
     sub-directories of 1Mb or more:
     R 1.5Mb
     data 2.8Mb
     doc 4.1Mb
     libs 19.7Mb
Flavors: r-devel-linux-x86_64-fedora-clang, r-devel-windows-x86_64, r-patched-solaris-x86, r-release-macos-arm64, r-release-macos-x86_64, r-release-windows-ix86+x86_64, r-oldrel-macos-x86_64, r-oldrel-windows-ix86+x86_64