CRAN Package Check Results for Package mindr

Last updated on 2019-07-16 07:50:54 CEST.

Flavor Version Tinstall Tcheck Ttotal Status Flags
r-devel-linux-x86_64-debian-clang 1.2.2 3.77 28.23 32.00 NOTE
r-devel-linux-x86_64-debian-gcc 1.2.2 2.48 23.16 25.64 NOTE
r-devel-linux-x86_64-fedora-clang 1.2.2 39.64 NOTE
r-devel-linux-x86_64-fedora-gcc 1.2.2 36.68 NOTE
r-devel-windows-ix86+x86_64 1.2.2 11.00 41.00 52.00 OK
r-patched-linux-x86_64 1.2.2 2.50 28.19 30.69 OK
r-patched-solaris-x86 1.2.2 62.20 OK
r-release-linux-x86_64 1.2.2 3.61 28.32 31.93 OK
r-release-windows-ix86+x86_64 1.2.2 9.00 60.00 69.00 OK
r-release-osx-x86_64 1.2.2 OK
r-oldrel-windows-ix86+x86_64 1.2.2 11.00 42.00 53.00 OK
r-oldrel-osx-x86_64 1.2.2 OK

Check Details

Version: 1.2.2
Check: for non-standard things in the check directory
Result: NOTE
    Found the following files/directories:
     '..md' 'NA.R' 'NA.mm' 'md-2019-07-14-23-00-18.mm' 'md.R' 'md.mm'
     'mindr.md' 'mindr.mm' 'mm.md' 'outline-2019-07-14-23-00-18.md'
     'outline.md' 'r.R' 'r.Rmd'
Flavor: r-devel-linux-x86_64-debian-clang

Version: 1.2.2
Check: for non-standard things in the check directory
Result: NOTE
    Found the following files/directories:
     ‘..md’ ‘NA.R’ ‘NA.mm’ ‘md-2019-07-15-21-01-19.mm’ ‘md.R’ ‘md.mm’
     ‘mindr.md’ ‘mindr.mm’ ‘mm.md’ ‘outline-2019-07-15-21-01-19.md’
     ‘outline.md’ ‘r.R’ ‘r.Rmd’
Flavor: r-devel-linux-x86_64-debian-gcc

Version: 1.2.2
Check: for non-standard things in the check directory
Result: NOTE
    Found the following files/directories:
     ‘..md’ ‘NA.R’ ‘NA.mm’ ‘md-2019-07-12-02-03-12.mm’ ‘md.R’ ‘md.mm’
     ‘mindr.md’ ‘mindr.mm’ ‘mm.md’ ‘outline-2019-07-12-02-03-12.md’
     ‘outline.md’ ‘r.R’ ‘r.Rmd’
Flavor: r-devel-linux-x86_64-fedora-clang

Version: 1.2.2
Check: for non-standard things in the check directory
Result: NOTE
    Found the following files/directories:
     ‘..md’ ‘NA.R’ ‘NA.mm’ ‘md-2019-07-11-04-34-48.mm’ ‘md.R’ ‘md.mm’
     ‘mindr.md’ ‘mindr.mm’ ‘mm.md’ ‘outline-2019-07-11-04-34-48.md’
     ‘outline.md’ ‘r.R’ ‘r.Rmd’
Flavor: r-devel-linux-x86_64-fedora-gcc