CRAN Package Check Results for Package mixedMem

Last updated on 2019-07-16 07:50:54 CEST.

Flavor Version Tinstall Tcheck Ttotal Status Flags
r-devel-linux-x86_64-debian-clang 1.1.0 127.24 57.89 185.13 NOTE
r-devel-linux-x86_64-debian-gcc 1.1.0 108.98 51.38 160.36 NOTE
r-devel-linux-x86_64-fedora-clang 1.1.0 288.31 NOTE
r-devel-linux-x86_64-fedora-gcc 1.1.0 283.73 NOTE
r-devel-windows-ix86+x86_64 1.1.0 358.00 103.00 461.00 WARN
r-patched-linux-x86_64 1.1.0 129.12 62.38 191.50 NOTE
r-patched-solaris-x86 1.1.0 287.80 NOTE
r-release-linux-x86_64 1.1.0 132.99 63.29 196.28 NOTE
r-release-windows-ix86+x86_64 1.1.0 276.00 141.00 417.00 NOTE
r-release-osx-x86_64 1.1.0 NOTE
r-oldrel-windows-ix86+x86_64 1.1.0 353.00 96.00 449.00 NOTE
r-oldrel-osx-x86_64 1.1.0 NOTE

Check Details

Version: 1.1.0
Check: files in ‘vignettes’
Result: NOTE
    The following directory looks like a leftover from 'knitr':
     'figure'
    Please remove from your package.
Flavors: r-devel-linux-x86_64-debian-clang, r-devel-linux-x86_64-debian-gcc, r-devel-linux-x86_64-fedora-clang, r-devel-linux-x86_64-fedora-gcc, r-devel-windows-ix86+x86_64, r-patched-linux-x86_64, r-patched-solaris-x86, r-release-linux-x86_64, r-release-windows-ix86+x86_64, r-release-osx-x86_64, r-oldrel-windows-ix86+x86_64, r-oldrel-osx-x86_64

Version: 1.1.0
Check: installed package size
Result: NOTE
     installed size is 5.0Mb
     sub-directories of 1Mb or more:
     libs 4.4Mb
Flavor: r-devel-linux-x86_64-fedora-clang

Version: 1.1.0
Check: compiled code
Result: NOTE
    File ‘mixedMem/libs/mixedMem.so’:
     Found no calls to: ‘R_registerRoutines’, ‘R_useDynamicSymbols’
    
    It is good practice to register native routines and to disable symbol
    search.
    
    See ‘Writing portable packages’ in the ‘Writing R Extensions’ manual.
Flavors: r-devel-linux-x86_64-fedora-clang, r-devel-linux-x86_64-fedora-gcc

Version: 1.1.0
Check: whether package can be installed
Result: WARN
    Found the following significant warnings:
     d:/RCompile/CRANpkg/lib/3.7/BH/include/boost/math/special_functions/detail/bernoulli_details.hpp:72:36: warning: ISO C++ 1998 does not support 'long long' [-Wlong-long]
     d:/RCompile/CRANpkg/lib/3.7/BH/include/boost/math/special_functions/detail/bernoulli_details.hpp:96:9: warning: ISO C++ 1998 does not support 'long long' [-Wlong-long]
Flavor: r-devel-windows-ix86+x86_64