CRAN Package Check Results for Package mlapi

Last updated on 2019-07-16 07:50:54 CEST.

Flavor Version Tinstall Tcheck Ttotal Status Flags
r-devel-linux-x86_64-debian-clang 0.1.0 6.47 22.63 29.10 NOTE
r-devel-linux-x86_64-debian-gcc 0.1.0 4.29 18.63 22.92 NOTE
r-devel-linux-x86_64-fedora-clang 0.1.0 34.63 NOTE
r-devel-linux-x86_64-fedora-gcc 0.1.0 33.71 NOTE
r-devel-windows-ix86+x86_64 0.1.0 11.00 32.00 43.00 OK
r-patched-linux-x86_64 0.1.0 5.16 22.82 27.98 OK
r-patched-solaris-x86 0.1.0 53.90 NOTE
r-release-linux-x86_64 0.1.0 5.64 22.74 28.38 OK
r-release-windows-ix86+x86_64 0.1.0 9.00 47.00 56.00 OK
r-release-osx-x86_64 0.1.0 NOTE
r-oldrel-windows-ix86+x86_64 0.1.0 10.00 30.00 40.00 OK
r-oldrel-osx-x86_64 0.1.0 NOTE

Check Details

Version: 0.1.0
Check: package vignettes
Result: NOTE
    Package vignette with placeholder title 'Vignette Title':
     'developing-with-mlapi.Rmd'
Flavors: r-devel-linux-x86_64-debian-clang, r-devel-linux-x86_64-debian-gcc

Version: 0.1.0
Check: dependencies in R code
Result: NOTE
    Namespaces in Imports field not imported from:
     ‘Matrix’ ‘R6’
     All declared Imports should be used.
Flavors: r-devel-linux-x86_64-fedora-clang, r-devel-linux-x86_64-fedora-gcc, r-patched-solaris-x86, r-release-osx-x86_64, r-oldrel-osx-x86_64