CRAN Package Check Results for Package mlr

Last updated on 2021-10-27 07:56:13 CEST.

Flavor Version Tinstall Tcheck Ttotal Status Flags
r-devel-linux-x86_64-debian-clang 2.19.0 38.01 262.53 300.54 NOTE
r-devel-linux-x86_64-debian-gcc 2.19.0 31.16 190.96 222.12 NOTE
r-devel-linux-x86_64-fedora-clang 2.19.0 377.35 NOTE
r-devel-linux-x86_64-fedora-gcc 2.19.0 357.33 NOTE
r-devel-windows-x86_64 2.19.0 60.00 323.00 383.00 OK
r-devel-windows-x86_64-gcc10-UCRT 2.19.0 NOTE
r-patched-linux-x86_64 2.19.0 50.76 251.04 301.80 NOTE
r-patched-solaris-x86 2.19.0 438.90 NOTE
r-release-linux-x86_64 2.19.0 38.01 253.95 291.96 NOTE
r-release-macos-arm64 2.19.0 NOTE
r-release-macos-x86_64 2.19.0 NOTE
r-release-windows-ix86+x86_64 2.19.0 53.00 360.00 413.00 OK
r-oldrel-macos-x86_64 2.19.0 NOTE
r-oldrel-windows-ix86+x86_64 2.19.0 71.00 453.00 524.00 OK

Check Details

Version: 2.19.0
Check: package dependencies
Result: NOTE
    Package suggested but not available for checking: 'rrlda'
Flavors: r-devel-linux-x86_64-debian-clang, r-devel-linux-x86_64-debian-gcc, r-devel-linux-x86_64-fedora-clang, r-devel-linux-x86_64-fedora-gcc, r-devel-windows-x86_64-gcc10-UCRT, r-patched-linux-x86_64, r-release-linux-x86_64

Version: 2.19.0
Check: installed package size
Result: NOTE
     installed size is 5.0Mb
     sub-directories of 1Mb or more:
     R 1.5Mb
     data 2.3Mb
Flavors: r-devel-linux-x86_64-fedora-clang, r-patched-solaris-x86, r-release-macos-arm64

Version: 2.19.0
Check: package dependencies
Result: NOTE
    Packages suggested but not available for checking:
     'FSelector', 'rrlda', 'RWeka'
Flavor: r-patched-solaris-x86

Version: 2.19.0
Check: package dependencies
Result: NOTE
    Package suggested but not available for checking: ‘Rmpi’
Flavors: r-release-macos-arm64, r-release-macos-x86_64, r-oldrel-macos-x86_64