CRAN Package Check Results for Package mma

Last updated on 2021-10-16 07:49:13 CEST.

Flavor Version Tinstall Tcheck Ttotal Status Flags
r-devel-linux-x86_64-debian-clang 10.5-0 27.88 213.51 241.39 OK
r-devel-linux-x86_64-debian-gcc 10.5-0 25.30 156.05 181.35 OK
r-devel-linux-x86_64-fedora-clang 10.5-0 312.76 NOTE
r-devel-linux-x86_64-fedora-gcc 10.5-0 288.19 NOTE
r-devel-windows-x86_64 10.5-0 46.00 181.00 227.00 OK
r-devel-windows-x86_64-gcc10-UCRT 10.5-0 NOTE
r-patched-linux-x86_64 10.5-0 25.09 206.24 231.33 OK
r-patched-solaris-x86 10.5-0 372.10 NOTE
r-release-linux-x86_64 10.5-0 26.17 203.83 230.00 OK
r-release-macos-arm64 10.5-0 NOTE
r-release-macos-x86_64 10.5-0 NOTE
r-release-windows-ix86+x86_64 10.5-0 54.00 233.00 287.00 OK
r-oldrel-macos-x86_64 10.5-0 NOTE
r-oldrel-windows-ix86+x86_64 10.5-0 53.00 232.00 285.00 OK

Check Details

Version: 10.5-0
Check: dependencies in R code
Result: NOTE
    Namespace in Imports field not imported from: ‘plotrix’
     All declared Imports should be used.
Flavors: r-devel-linux-x86_64-fedora-clang, r-devel-linux-x86_64-fedora-gcc, r-devel-windows-x86_64-gcc10-UCRT, r-patched-solaris-x86, r-release-macos-arm64, r-release-macos-x86_64, r-oldrel-macos-x86_64