CRAN Package Check Results for Package modeLLtest

Last updated on 2021-10-26 06:50:29 CEST.

Flavor Version Tinstall Tcheck Ttotal Status Flags
r-devel-linux-x86_64-debian-clang 1.0.3 74.06 98.07 172.13 OK
r-devel-linux-x86_64-debian-gcc 1.0.3 58.71 76.42 135.13 OK
r-devel-linux-x86_64-fedora-clang 1.0.3 255.05 NOTE
r-devel-linux-x86_64-fedora-gcc 1.0.3 233.21 NOTE
r-devel-windows-x86_64 1.0.3 111.00 140.00 251.00 OK
r-devel-windows-x86_64-gcc10-UCRT 1.0.3 NOTE
r-patched-linux-x86_64 1.0.3 72.40 96.04 168.44 OK
r-patched-solaris-x86 1.0.3 278.70 NOTE
r-release-linux-x86_64 1.0.3 70.78 96.57 167.35 OK
r-release-macos-arm64 1.0.3 NOTE
r-release-macos-x86_64 1.0.3 NOTE
r-release-windows-ix86+x86_64 1.0.3 164.00 194.00 358.00 OK
r-oldrel-macos-x86_64 1.0.3 NOTE
r-oldrel-windows-ix86+x86_64 1.0.3 212.00 195.00 407.00 OK

Check Details

Version: 1.0.3
Check: data for non-ASCII characters
Result: NOTE
     Note: found 18 marked Latin-1 strings
Flavors: r-devel-linux-x86_64-fedora-clang, r-devel-linux-x86_64-fedora-gcc, r-devel-windows-x86_64-gcc10-UCRT, r-patched-solaris-x86, r-release-macos-arm64, r-release-macos-x86_64, r-oldrel-macos-x86_64