CRAN Package Check Results for Package momentuHMM

Last updated on 2021-10-16 19:52:25 CEST.

Flavor Version Tinstall Tcheck Ttotal Status Flags
r-devel-linux-x86_64-debian-clang 1.5.4 122.83 297.52 420.35 OK
r-devel-linux-x86_64-debian-gcc 1.5.4 97.73 216.07 313.80 OK
r-devel-linux-x86_64-fedora-clang 1.5.4 582.80 NOTE
r-devel-linux-x86_64-fedora-gcc 1.5.4 564.38 OK
r-devel-windows-x86_64 1.5.4 162.00 521.00 683.00 OK
r-devel-windows-x86_64-gcc10-UCRT 1.5.4 OK
r-patched-linux-x86_64 1.5.4 125.99 289.00 414.99 OK
r-patched-solaris-x86 1.5.4 544.80 OK
r-release-linux-x86_64 1.5.4 110.10 284.43 394.53 OK
r-release-macos-arm64 1.5.4 NOTE
r-release-macos-x86_64 1.5.4 NOTE
r-release-windows-ix86+x86_64 1.5.4 295.00 403.00 698.00 NOTE
r-oldrel-macos-x86_64 1.5.4 NOTE
r-oldrel-windows-ix86+x86_64 1.5.4 315.00 400.00 715.00 NOTE

Check Details

Version: 1.5.4
Check: installed package size
Result: NOTE
     installed size is 7.5Mb
     sub-directories of 1Mb or more:
     R 1.2Mb
     doc 1.7Mb
     libs 3.9Mb
Flavors: r-devel-linux-x86_64-fedora-clang, r-release-macos-arm64, r-release-macos-x86_64, r-release-windows-ix86+x86_64, r-oldrel-macos-x86_64, r-oldrel-windows-ix86+x86_64