CRAN Package Check Results for Package mrfDepth

Last updated on 2019-07-16 07:50:54 CEST.

Flavor Version Tinstall Tcheck Ttotal Status Flags
r-devel-linux-x86_64-debian-clang 1.0.11 71.00 97.00 168.00 OK
r-devel-linux-x86_64-debian-gcc 1.0.11 63.91 76.03 139.94 OK
r-devel-linux-x86_64-fedora-clang 1.0.11 229.35 NOTE
r-devel-linux-x86_64-fedora-gcc 1.0.11 221.69 OK
r-devel-windows-ix86+x86_64 1.0.11 218.00 165.00 383.00 OK
r-patched-linux-x86_64 1.0.11 75.13 96.36 171.49 OK
r-patched-solaris-x86 1.0.11 275.40 OK
r-release-linux-x86_64 1.0.11 76.16 97.46 173.62 OK
r-release-windows-ix86+x86_64 1.0.11 169.00 238.00 407.00 OK
r-release-osx-x86_64 1.0.11 NOTE
r-oldrel-windows-ix86+x86_64 1.0.10 195.00 222.00 417.00 OK
r-oldrel-osx-x86_64 1.0.11 ERROR

Check Details

Version: 1.0.11
Check: installed package size
Result: NOTE
     installed size is 16.8Mb
     sub-directories of 1Mb or more:
     data 1.6Mb
     libs 14.7Mb
Flavors: r-devel-linux-x86_64-fedora-clang, r-release-osx-x86_64

Version: 1.0.11
Check: whether package can be installed
Result: ERROR
    Installation failed.
Flavor: r-oldrel-osx-x86_64