CRAN Package Check Results for Package msaenet

Last updated on 2021-10-26 06:50:30 CEST.

Flavor Version Tinstall Tcheck Ttotal Status Flags
r-devel-linux-x86_64-debian-clang 3.1 8.65 132.59 141.24 NOTE
r-devel-linux-x86_64-debian-gcc 3.1 7.37 100.79 108.16 NOTE
r-devel-linux-x86_64-fedora-clang 3.1 177.48 NOTE
r-devel-linux-x86_64-fedora-gcc 3.1 170.97 NOTE
r-devel-windows-x86_64 3.1 15.00 173.00 188.00 NOTE
r-devel-windows-x86_64-gcc10-UCRT 3.1 NOTE
r-patched-linux-x86_64 3.1 9.64 130.46 140.10 NOTE
r-patched-solaris-x86 3.1 277.20 NOTE
r-release-linux-x86_64 3.1 8.44 130.09 138.53 NOTE
r-release-macos-arm64 3.1 NOTE
r-release-macos-x86_64 3.1 NOTE
r-release-windows-ix86+x86_64 3.1 13.00 170.00 183.00 NOTE
r-oldrel-macos-x86_64 3.1 OK
r-oldrel-windows-ix86+x86_64 3.1 19.00 175.00 194.00 OK

Check Details

Version: 3.1
Check: LazyData
Result: NOTE
     'LazyData' is specified without a 'data' directory
Flavors: r-devel-linux-x86_64-debian-clang, r-devel-linux-x86_64-debian-gcc, r-devel-linux-x86_64-fedora-clang, r-devel-linux-x86_64-fedora-gcc, r-devel-windows-x86_64, r-devel-windows-x86_64-gcc10-UCRT, r-patched-linux-x86_64, r-patched-solaris-x86, r-release-linux-x86_64, r-release-macos-arm64, r-release-macos-x86_64, r-release-windows-ix86+x86_64