CRAN Package Check Results for Package naaccr

Last updated on 2021-04-11 19:52:12 CEST.

Flavor Version Tinstall Tcheck Ttotal Status Flags
r-devel-linux-x86_64-debian-clang 1.0.0 4.40 115.70 120.10 OK
r-devel-linux-x86_64-debian-gcc 1.0.0 3.19 84.17 87.36 OK
r-devel-linux-x86_64-fedora-clang 1.0.0 114.53 NOTE
r-devel-linux-x86_64-fedora-gcc 1.0.0 111.71 NOTE
r-devel-windows-ix86+x86_64 1.0.0 7.00 91.00 98.00 OK
r-devel-windows-x86_64-gcc10-UCRT 1.0.0 NOTE
r-patched-linux-x86_64 1.0.0 4.09 92.28 96.37 OK
r-patched-solaris-x86 1.0.0 122.20 NOTE
r-release-linux-x86_64 1.0.0 3.64 89.51 93.15 OK
r-release-macos-x86_64 1.0.0 NOTE
r-release-windows-ix86+x86_64 1.0.0 8.00 95.00 103.00 OK
r-oldrel-macos-x86_64 1.0.0 NOTE
r-oldrel-windows-ix86+x86_64 1.0.0 7.00 82.00 89.00 OK

Check Details

Version: 1.0.0
Check: data for non-ASCII characters
Result: NOTE
     Note: found 50 marked UTF-8 strings
Flavors: r-devel-linux-x86_64-fedora-clang, r-devel-linux-x86_64-fedora-gcc, r-devel-windows-x86_64-gcc10-UCRT, r-patched-solaris-x86, r-release-macos-x86_64, r-oldrel-macos-x86_64