CRAN Package Check Results for Package numKM

Last updated on 2021-10-15 19:52:01 CEST.

Flavor Version Tinstall Tcheck Ttotal Status Flags
r-devel-linux-x86_64-debian-clang 0.2.0 5.42 56.82 62.24 NOTE
r-devel-linux-x86_64-debian-gcc 0.2.0 5.26 44.32 49.58 NOTE
r-devel-linux-x86_64-fedora-clang 0.2.0 86.08 NOTE
r-devel-linux-x86_64-fedora-gcc 0.2.0 75.24 NOTE
r-devel-windows-x86_64 0.2.0 10.00 58.00 68.00 NOTE
r-devel-windows-x86_64-gcc10-UCRT 0.2.0 NOTE
r-patched-linux-x86_64 0.2.0 6.04 55.36 61.40 NOTE
r-patched-solaris-x86 0.2.0 114.80 NOTE
r-release-linux-x86_64 0.2.0 7.35 54.48 61.83 NOTE
r-release-macos-arm64 0.2.0 NOTE
r-release-macos-x86_64 0.2.0 NOTE
r-release-windows-ix86+x86_64 0.2.0 16.00 71.00 87.00 NOTE
r-oldrel-macos-x86_64 0.2.0 OK
r-oldrel-windows-ix86+x86_64 0.2.0 16.00 77.00 93.00 OK

Check Details

Version: 0.2.0
Check: LazyData
Result: NOTE
     'LazyData' is specified without a 'data' directory
Flavors: r-devel-linux-x86_64-debian-clang, r-devel-linux-x86_64-debian-gcc, r-devel-linux-x86_64-fedora-clang, r-devel-linux-x86_64-fedora-gcc, r-devel-windows-x86_64, r-devel-windows-x86_64-gcc10-UCRT, r-patched-linux-x86_64, r-patched-solaris-x86, r-release-linux-x86_64, r-release-macos-arm64, r-release-macos-x86_64, r-release-windows-ix86+x86_64