CRAN Package Check Results for Package openssl

Last updated on 2021-04-11 19:52:13 CEST.

Flavor Version Tinstall Tcheck Ttotal Status Flags
r-devel-linux-x86_64-debian-clang 1.4.3 14.51 48.69 63.20 OK
r-devel-linux-x86_64-debian-gcc 1.4.3 8.04 40.59 48.63 OK
r-devel-linux-x86_64-fedora-clang 1.4.3 94.19 NOTE
r-devel-linux-x86_64-fedora-gcc 1.4.3 79.30 NOTE
r-devel-windows-ix86+x86_64 1.4.3 74.00 129.00 203.00 NOTE
r-devel-windows-x86_64-gcc10-UCRT 1.4.3 OK
r-patched-linux-x86_64 1.4.3 10.22 50.05 60.27 OK
r-patched-solaris-x86 1.4.3 125.80 OK
r-release-linux-x86_64 1.4.3 9.94 50.05 59.99 OK
r-release-macos-x86_64 1.4.3 NOTE
r-release-windows-ix86+x86_64 1.4.3 65.00 137.00 202.00 NOTE
r-oldrel-macos-x86_64 1.4.3 NOTE
r-oldrel-windows-ix86+x86_64 1.4.3 65.00 119.00 184.00 NOTE

Check Details

Version: 1.4.3
Check: top-level files
Result: NOTE
    ‘configure’: ‘env bash’ is not portable as bash need not be installed
Flavors: r-devel-linux-x86_64-fedora-clang, r-devel-linux-x86_64-fedora-gcc

Version: 1.4.3
Check: installed package size
Result: NOTE
     installed size is 8.7Mb
     sub-directories of 1Mb or more:
     doc 2.6Mb
     libs 5.7Mb
Flavors: r-devel-windows-ix86+x86_64, r-release-macos-x86_64, r-release-windows-ix86+x86_64, r-oldrel-macos-x86_64, r-oldrel-windows-ix86+x86_64