CRAN Package Check Results for Package optband

Last updated on 2021-10-19 07:49:44 CEST.

Flavor Version Tinstall Tcheck Ttotal Status Flags
r-devel-linux-x86_64-debian-clang 0.2.1 2.25 32.19 34.44 NOTE
r-devel-linux-x86_64-debian-gcc 0.2.1 1.83 24.30 26.13 NOTE
r-devel-linux-x86_64-fedora-clang 0.2.1 51.86 NOTE
r-devel-linux-x86_64-fedora-gcc 0.2.1 41.08 NOTE
r-devel-windows-x86_64 0.2.1 5.00 53.00 58.00 NOTE
r-devel-windows-x86_64-gcc10-UCRT 0.2.1 NOTE
r-patched-linux-x86_64 0.2.1 2.27 29.56 31.83 NOTE
r-patched-solaris-x86 0.2.1 62.00 NOTE
r-release-linux-x86_64 0.2.1 2.27 30.44 32.71 NOTE
r-release-macos-arm64 0.2.1 NOTE
r-release-macos-x86_64 0.2.1 NOTE
r-release-windows-ix86+x86_64 0.2.1 6.00 53.00 59.00 NOTE
r-oldrel-macos-x86_64 0.2.1 OK
r-oldrel-windows-ix86+x86_64 0.2.1 8.00 54.00 62.00 OK

Check Details

Version: 0.2.1
Check: LazyData
Result: NOTE
     'LazyData' is specified without a 'data' directory
Flavors: r-devel-linux-x86_64-debian-clang, r-devel-linux-x86_64-debian-gcc, r-devel-linux-x86_64-fedora-clang, r-devel-linux-x86_64-fedora-gcc, r-devel-windows-x86_64, r-devel-windows-x86_64-gcc10-UCRT, r-patched-linux-x86_64, r-patched-solaris-x86, r-release-linux-x86_64, r-release-macos-arm64, r-release-macos-x86_64, r-release-windows-ix86+x86_64