CRAN Package Check Results for Package ordinalgmifs

Last updated on 2021-10-17 19:48:41 CEST.

Flavor Version Tinstall Tcheck Ttotal Status Flags
r-devel-linux-x86_64-debian-clang 1.0.6 10.78 108.87 119.65 OK
r-devel-linux-x86_64-debian-gcc 1.0.6 8.19 83.34 91.53 OK
r-devel-linux-x86_64-fedora-clang 1.0.6 152.62 NOTE
r-devel-linux-x86_64-fedora-gcc 1.0.6 142.65 OK
r-devel-windows-x86_64 1.0.6 19.00 76.00 95.00 OK --no-vignettes
r-devel-windows-x86_64-gcc10-UCRT 1.0.6 OK
r-patched-linux-x86_64 1.0.6 10.77 105.82 116.59 OK
r-patched-solaris-x86 1.0.6 137.80 OK --no-vignettes
r-release-linux-x86_64 1.0.6 10.50 105.81 116.31 OK
r-release-macos-arm64 1.0.6 OK
r-release-macos-x86_64 1.0.6 OK
r-release-windows-ix86+x86_64 1.0.6 19.00 108.00 127.00 OK --no-vignettes
r-oldrel-macos-x86_64 1.0.6 OK
r-oldrel-windows-ix86+x86_64 1.0.6 24.00 117.00 141.00 OK --no-vignettes

Check Details

Version: 1.0.6
Check: Rd cross-references
Result: NOTE
    Undeclared package ‘VGAM’ in Rd xrefs
Flavor: r-devel-linux-x86_64-fedora-clang