CRAN Package Check Results for Package orthoDr

Last updated on 2021-10-24 07:57:27 CEST.

Flavor Version Tinstall Tcheck Ttotal Status Flags
r-devel-linux-x86_64-debian-clang 0.6.4 270.45 99.68 370.13 OK
r-devel-linux-x86_64-debian-gcc 0.6.4 203.48 77.53 281.01 OK
r-devel-linux-x86_64-fedora-clang 0.6.4 588.27 NOTE
r-devel-linux-x86_64-fedora-gcc 0.6.4 508.91 OK
r-devel-windows-x86_64 0.6.4 339.00 103.00 442.00 OK
r-devel-windows-x86_64-gcc10-UCRT 0.6.4 OK
r-patched-linux-x86_64 0.6.4 233.08 97.24 330.32 OK
r-patched-solaris-x86 0.6.4 582.20 OK
r-release-linux-x86_64 0.6.4 235.80 97.25 333.05 OK
r-release-macos-arm64 0.6.4 NOTE
r-release-macos-x86_64 0.6.4 NOTE
r-release-windows-ix86+x86_64 0.6.4 503.00 182.00 685.00 OK
r-oldrel-macos-x86_64 0.6.4 NOTE
r-oldrel-windows-ix86+x86_64 0.6.4 663.00 170.00 833.00 OK

Check Details

Version: 0.6.4
Check: installed package size
Result: NOTE
     installed size is 15.9Mb
     sub-directories of 1Mb or more:
     libs 15.6Mb
Flavors: r-devel-linux-x86_64-fedora-clang, r-release-macos-arm64, r-release-macos-x86_64, r-oldrel-macos-x86_64