CRAN Package Check Results for Package pa

Last updated on 2019-07-16 07:50:57 CEST.

Flavor Version Tinstall Tcheck Ttotal Status Flags
r-devel-linux-x86_64-debian-clang 1.2-1 6.25 71.43 77.68 NOTE
r-devel-linux-x86_64-debian-gcc 1.2-1 4.49 56.25 60.74 NOTE
r-devel-linux-x86_64-fedora-clang 1.2-1 92.12 NOTE
r-devel-linux-x86_64-fedora-gcc 1.2-1 87.53 NOTE
r-devel-windows-ix86+x86_64 1.2-1 17.00 84.00 101.00 NOTE
r-patched-linux-x86_64 1.2-1 5.86 69.52 75.38 NOTE
r-patched-solaris-x86 1.2-1 135.70 NOTE
r-release-linux-x86_64 1.2-1 5.67 69.64 75.31 NOTE
r-release-windows-ix86+x86_64 1.2-1 11.00 133.00 144.00 NOTE
r-release-osx-x86_64 1.2-1 NOTE
r-oldrel-windows-ix86+x86_64 1.2-1 14.00 86.00 100.00 NOTE
r-oldrel-osx-x86_64 1.2-1 NOTE

Check Details

Version: 1.2-1
Check: dependencies in R code
Result: NOTE
    Package in Depends field not imported from: 'grid'
     These packages need to be imported from (in the NAMESPACE file)
     for when this namespace is loaded but not attached.
Flavors: r-devel-linux-x86_64-debian-clang, r-devel-linux-x86_64-debian-gcc, r-devel-linux-x86_64-fedora-clang, r-devel-linux-x86_64-fedora-gcc, r-devel-windows-ix86+x86_64, r-patched-linux-x86_64, r-patched-solaris-x86, r-release-linux-x86_64, r-release-windows-ix86+x86_64, r-release-osx-x86_64, r-oldrel-windows-ix86+x86_64, r-oldrel-osx-x86_64

Version: 1.2-1
Check: R code for possible problems
Result: NOTE
    .formula.make: no visible global function definition for 'formula'
    regress: no visible global function definition for 'lm'
    regress: no visible global function definition for 'model.matrix'
    Undefined global functions or variables:
     formula lm model.matrix
    Consider adding
     importFrom("stats", "formula", "lm", "model.matrix")
    to your NAMESPACE file.
Flavors: r-devel-linux-x86_64-debian-clang, r-devel-linux-x86_64-debian-gcc, r-devel-linux-x86_64-fedora-clang, r-devel-linux-x86_64-fedora-gcc, r-devel-windows-ix86+x86_64, r-patched-linux-x86_64, r-patched-solaris-x86, r-release-linux-x86_64, r-release-windows-ix86+x86_64, r-release-osx-x86_64, r-oldrel-windows-ix86+x86_64, r-oldrel-osx-x86_64