CRAN Package Check Results for Package pamr

Last updated on 2021-10-17 07:50:52 CEST.

Flavor Version Tinstall Tcheck Ttotal Status Flags
r-devel-linux-x86_64-debian-clang 1.56.1 10.01 76.71 86.72 OK
r-devel-linux-x86_64-debian-gcc 1.56.1 7.51 58.89 66.40 OK
r-devel-linux-x86_64-fedora-clang 1.56.1 113.67 NOTE
r-devel-linux-x86_64-fedora-gcc 1.56.1 103.66 NOTE
r-devel-windows-x86_64 1.56.1 15.00 112.00 127.00 OK
r-devel-windows-x86_64-gcc10-UCRT 1.56.1 OK
r-patched-linux-x86_64 1.56.1 9.70 74.95 84.65 OK
r-patched-solaris-x86 1.56.1 152.60 OK
r-release-linux-x86_64 1.56.1 9.80 73.69 83.49 OK
r-release-macos-arm64 1.56.1 OK
r-release-macos-x86_64 1.56.1 OK
r-release-windows-ix86+x86_64 1.56.1 17.00 136.00 153.00 OK
r-oldrel-macos-x86_64 1.56.1 OK
r-oldrel-windows-ix86+x86_64 1.56.1 22.00 133.00 155.00 OK

Check Details

Version: 1.56.1
Check: compiled code
Result: NOTE
    File ‘pamr/libs/pamr.so’:
     Found no calls to: ‘R_registerRoutines’, ‘R_useDynamicSymbols’
    
    It is good practice to register native routines and to disable symbol
    search.
    
    See ‘Writing portable packages’ in the ‘Writing R Extensions’ manual.
Flavors: r-devel-linux-x86_64-fedora-clang, r-devel-linux-x86_64-fedora-gcc