CRAN Package Check Results for Package parmsurvfit

Last updated on 2021-10-19 07:49:45 CEST.

Flavor Version Tinstall Tcheck Ttotal Status Flags
r-devel-linux-x86_64-debian-clang 0.1.0 10.33 98.04 108.37 OK
r-devel-linux-x86_64-debian-gcc 0.1.0 7.59 73.72 81.31 OK
r-devel-linux-x86_64-fedora-clang 0.1.0 140.10 NOTE
r-devel-linux-x86_64-fedora-gcc 0.1.0 127.04 NOTE
r-devel-windows-x86_64 0.1.0 16.00 126.00 142.00 OK
r-devel-windows-x86_64-gcc10-UCRT 0.1.0 NOTE
r-patched-linux-x86_64 0.1.0 10.26 92.25 102.51 OK
r-patched-solaris-x86 0.1.0 171.60 NOTE
r-release-linux-x86_64 0.1.0 10.05 91.43 101.48 OK
r-release-macos-arm64 0.1.0 NOTE
r-release-macos-x86_64 0.1.0 NOTE
r-release-windows-ix86+x86_64 0.1.0 31.00 118.00 149.00 OK
r-oldrel-macos-x86_64 0.1.0 NOTE
r-oldrel-windows-ix86+x86_64 0.1.0 25.00 125.00 150.00 OK

Check Details

Version: 0.1.0
Check: dependencies in R code
Result: NOTE
    Namespace in Imports field not imported from: ‘flexsurv’
     All declared Imports should be used.
Flavors: r-devel-linux-x86_64-fedora-clang, r-devel-linux-x86_64-fedora-gcc, r-devel-windows-x86_64-gcc10-UCRT, r-patched-solaris-x86, r-release-macos-arm64, r-release-macos-x86_64, r-oldrel-macos-x86_64