CRAN Package Check Results for Package parsetools

Last updated on 2019-07-16 07:50:57 CEST.

Flavor Version Tinstall Tcheck Ttotal Status Flags
r-devel-linux-x86_64-debian-clang 0.1.1 3.47 33.75 37.22 OK
r-devel-linux-x86_64-debian-gcc 0.1.1 3.12 27.01 30.13 OK
r-devel-linux-x86_64-fedora-clang 0.1.1 45.88 NOTE
r-devel-linux-x86_64-fedora-gcc 0.1.1 46.41 NOTE
r-devel-windows-ix86+x86_64 0.1.1 13.00 67.00 80.00 OK
r-patched-linux-x86_64 0.1.1 3.58 34.13 37.71 OK
r-patched-solaris-x86 0.1.1 61.20 NOTE
r-release-linux-x86_64 0.1.1 3.63 33.97 37.60 OK
r-release-osx-x86_64 0.1.1 NOTE
r-oldrel-windows-ix86+x86_64 0.1.1 6.00 47.00 53.00 OK
r-oldrel-osx-x86_64 0.1.1 NOTE

Check Details

Version: 0.1.1
Check: dependencies in R code
Result: NOTE
    Namespace in Imports field not imported from: ‘tools’
     All declared Imports should be used.
Flavors: r-devel-linux-x86_64-fedora-clang, r-devel-linux-x86_64-fedora-gcc, r-patched-solaris-x86, r-release-osx-x86_64, r-oldrel-osx-x86_64