CRAN Package Check Results for Package partools

Last updated on 2019-07-16 07:50:57 CEST.

Flavor Version Tinstall Tcheck Ttotal Status Flags
r-devel-linux-x86_64-debian-clang 1.1.6 5.42 50.30 55.72 NOTE
r-devel-linux-x86_64-debian-gcc 1.1.6 4.48 39.26 43.74 NOTE
r-devel-linux-x86_64-fedora-clang 1.1.6 63.56 NOTE
r-devel-linux-x86_64-fedora-gcc 1.1.6 62.05 NOTE
r-devel-windows-ix86+x86_64 1.1.6 23.00 71.00 94.00 OK
r-patched-linux-x86_64 1.1.6 5.49 48.35 53.84 OK
r-patched-solaris-x86 1.1.6 120.70 OK
r-release-linux-x86_64 1.1.6 5.86 48.21 54.07 OK
r-release-windows-ix86+x86_64 1.1.6 14.00 118.00 132.00 OK
r-release-osx-x86_64 1.1.6 OK
r-oldrel-windows-ix86+x86_64 1.1.6 11.00 73.00 84.00 OK
r-oldrel-osx-x86_64 1.1.6 OK

Check Details

Version: 1.1.6
Check: for non-standard things in the check directory
Result: NOTE
    Found the following files/directories:
     'co2' 'co2.1' 'co2.2' 'co2s.1' 'co2s.2' 'ctm.1' 'ctm.2' 'm' 'm.1'
     'm.2' 'test' 'test.1' 'test.2' 'testa.1' 'testa.2' 'xfile.1'
     'xfile.2'
Flavors: r-devel-linux-x86_64-debian-clang, r-devel-linux-x86_64-debian-gcc, r-devel-linux-x86_64-fedora-clang, r-devel-linux-x86_64-fedora-gcc