CRAN Package Check Results for Package pca3d

Last updated on 2019-07-16 07:50:57 CEST.

Flavor Version Tinstall Tcheck Ttotal Status Flags
r-devel-linux-x86_64-debian-clang 0.10 3.64 44.39 48.03 OK
r-devel-linux-x86_64-debian-gcc 0.10 3.16 35.81 38.97 OK
r-devel-linux-x86_64-fedora-clang 0.10 60.02 OK
r-devel-linux-x86_64-fedora-gcc 0.10 58.12 OK
r-devel-windows-ix86+x86_64 0.10 16.00 54.00 70.00 OK
r-patched-linux-x86_64 0.10 3.35 44.55 47.90 OK
r-patched-solaris-x86 0.10 81.60 OK
r-release-linux-x86_64 0.10 3.70 44.60 48.30 OK
r-release-windows-ix86+x86_64 0.10 9.00 54.00 63.00 OK
r-release-osx-x86_64 0.10 WARN
r-oldrel-windows-ix86+x86_64 0.10 12.00 55.00 67.00 OK
r-oldrel-osx-x86_64 0.10 OK

Check Details

Version: 0.10
Check: whether package can be installed
Result: WARN
    Found the following significant warnings:
     Warning: 'rgl_init' failed, running with rgl.useNULL = TRUE
Flavor: r-release-osx-x86_64