CRAN Package Check Results for Package permGS

Last updated on 2021-10-25 07:50:26 CEST.

Flavor Version Tinstall Tcheck Ttotal Status Flags
r-devel-linux-x86_64-debian-clang 0.2.5 10.01 80.34 90.35 NOTE
r-devel-linux-x86_64-debian-gcc 0.2.5 7.73 60.30 68.03 NOTE
r-devel-linux-x86_64-fedora-clang 0.2.5 114.80 NOTE
r-devel-linux-x86_64-fedora-gcc 0.2.5 105.87 NOTE
r-devel-windows-x86_64 0.2.5 14.00 102.00 116.00 NOTE
r-devel-windows-x86_64-gcc10-UCRT 0.2.5 NOTE
r-patched-linux-x86_64 0.2.5 9.06 76.71 85.77 NOTE
r-patched-solaris-x86 0.2.5 158.90 NOTE
r-release-linux-x86_64 0.2.5 9.68 77.85 87.53 NOTE
r-release-macos-arm64 0.2.5 NOTE
r-release-macos-x86_64 0.2.5 NOTE
r-release-windows-ix86+x86_64 0.2.5 13.00 107.00 120.00 NOTE
r-oldrel-macos-x86_64 0.2.5 OK
r-oldrel-windows-ix86+x86_64 0.2.5 22.00 105.00 127.00 OK

Check Details

Version: 0.2.5
Check: LazyData
Result: NOTE
     'LazyData' is specified without a 'data' directory
Flavors: r-devel-linux-x86_64-debian-clang, r-devel-linux-x86_64-debian-gcc, r-devel-linux-x86_64-fedora-clang, r-devel-linux-x86_64-fedora-gcc, r-devel-windows-x86_64, r-devel-windows-x86_64-gcc10-UCRT, r-patched-linux-x86_64, r-patched-solaris-x86, r-release-linux-x86_64, r-release-macos-arm64, r-release-macos-x86_64, r-release-windows-ix86+x86_64