CRAN Package Check Results for Package ph2mult

Last updated on 2021-10-21 07:50:04 CEST.

Flavor Version Tinstall Tcheck Ttotal Status Flags
r-devel-linux-x86_64-debian-clang 0.1.1 2.91 29.59 32.50 NOTE
r-devel-linux-x86_64-debian-gcc 0.1.1 2.12 22.91 25.03 NOTE
r-devel-linux-x86_64-fedora-clang 0.1.1 50.01 NOTE
r-devel-linux-x86_64-fedora-gcc 0.1.1 39.52 NOTE
r-devel-windows-x86_64 0.1.1 4.00 50.00 54.00 NOTE
r-devel-windows-x86_64-gcc10-UCRT 0.1.1 NOTE
r-patched-linux-x86_64 0.1.1 2.88 29.29 32.17 NOTE
r-patched-solaris-x86 0.1.1 57.60 NOTE
r-release-linux-x86_64 0.1.1 2.62 29.47 32.09 NOTE
r-release-macos-arm64 0.1.1 NOTE
r-release-macos-x86_64 0.1.1 NOTE
r-release-windows-ix86+x86_64 0.1.1 4.00 50.00 54.00 NOTE
r-oldrel-macos-x86_64 0.1.1 OK
r-oldrel-windows-ix86+x86_64 0.1.1 5.00 52.00 57.00 OK

Check Details

Version: 0.1.1
Check: LazyData
Result: NOTE
     'LazyData' is specified without a 'data' directory
Flavors: r-devel-linux-x86_64-debian-clang, r-devel-linux-x86_64-debian-gcc, r-devel-linux-x86_64-fedora-clang, r-devel-linux-x86_64-fedora-gcc, r-devel-windows-x86_64, r-devel-windows-x86_64-gcc10-UCRT, r-patched-linux-x86_64, r-patched-solaris-x86, r-release-linux-x86_64, r-release-macos-arm64, r-release-macos-x86_64, r-release-windows-ix86+x86_64