CRAN Package Check Results for Package piecepackr

Last updated on 2019-07-16 07:50:58 CEST.

Flavor Version Tinstall Tcheck Ttotal Status Flags
r-devel-linux-x86_64-debian-clang 1.0.2 6.68 116.48 123.16 OK
r-devel-linux-x86_64-debian-gcc 1.0.2 5.20 87.06 92.26 OK
r-devel-linux-x86_64-fedora-clang 1.0.2 144.97 OK
r-devel-linux-x86_64-fedora-gcc 1.0.2 136.21 OK
r-devel-windows-ix86+x86_64 1.0.2 18.00 128.00 146.00 OK
r-patched-linux-x86_64 1.0.2 6.21 113.32 119.53 OK
r-patched-solaris-x86 1.0.2 179.20 WARN
r-release-linux-x86_64 1.0.2 6.48 112.27 118.75 OK
r-release-windows-ix86+x86_64 1.0.2 10.00 194.00 204.00 OK
r-release-osx-x86_64 1.0.2 OK
r-oldrel-windows-ix86+x86_64 1.0.2 13.00 126.00 139.00 OK
r-oldrel-osx-x86_64 1.0.2 OK

Check Details

Version: 1.0.2
Check: for unstated dependencies in ‘tests’
Result: WARN
    Warning in deparse(e[[2L]]) :
     it is not known that wchar_t is Unicode on this platform
    Warning in deparse(e[[2L]]) :
     it is not known that wchar_t is Unicode on this platform
Flavor: r-patched-solaris-x86