Last updated on 2021-02-26 07:49:49 CET.
Flavor | Version | Tinstall | Tcheck | Ttotal | Status | Flags |
---|---|---|---|---|---|---|
r-devel-linux-x86_64-debian-clang | 2.0.3 | 1.10 | 23.47 | 24.57 | OK | |
r-devel-linux-x86_64-debian-gcc | 2.0.3 | 1.05 | 18.52 | 19.57 | OK | |
r-devel-linux-x86_64-fedora-clang | 2.0.3 | 41.38 | OK | |||
r-devel-linux-x86_64-fedora-gcc | 2.0.3 | 30.82 | OK | |||
r-devel-windows-ix86+x86_64 | 2.0.3 | 5.00 | 31.00 | 36.00 | OK | |
r-patched-linux-x86_64 | 2.0.3 | 1.05 | 23.10 | 24.15 | OK | |
r-patched-solaris-x86 | 2.0.3 | 48.00 | OK | |||
r-release-linux-x86_64 | 2.0.3 | 1.92 | 22.99 | 24.91 | OK | |
r-release-macos-x86_64 | 2.0.3 | OK | ||||
r-release-windows-ix86+x86_64 | 2.0.3 | 5.00 | 13.00 | 18.00 | ERROR | |
r-oldrel-macos-x86_64 | 2.0.3 | OK | ||||
r-oldrel-windows-ix86+x86_64 | 2.0.3 | 3.00 | 39.00 | 42.00 | OK |
Version: 2.0.3
Check: whether package can be installed
Result: ERROR
Installation failed.
Flavor: r-release-windows-ix86+x86_64