CRAN Package Check Results for Package plotluck

Last updated on 2019-07-16 07:50:58 CEST.

Flavor Version Tinstall Tcheck Ttotal Status Flags
r-devel-linux-x86_64-debian-clang 1.1.1 5.41 146.91 152.32 OK
r-devel-linux-x86_64-debian-gcc 1.1.1 5.08 111.20 116.28 OK
r-devel-linux-x86_64-fedora-clang 1.1.1 176.52 NOTE
r-devel-linux-x86_64-fedora-gcc 1.1.1 184.70 NOTE
r-devel-windows-ix86+x86_64 1.1.1 17.00 207.00 224.00 OK
r-patched-linux-x86_64 1.1.1 6.13 141.33 147.46 OK
r-patched-solaris-x86 1.1.1 256.00 NOTE
r-release-linux-x86_64 1.1.1 5.63 140.76 146.39 OK
r-release-windows-ix86+x86_64 1.1.1 15.00 223.00 238.00 OK
r-release-osx-x86_64 1.1.1 NOTE
r-oldrel-windows-ix86+x86_64 1.1.1 14.00 165.00 179.00 OK
r-oldrel-osx-x86_64 1.1.1 NOTE

Check Details

Version: 1.1.1
Check: dependencies in R code
Result: NOTE
    Namespaces in Imports field not imported from:
     ‘hexbin’ ‘quantreg’
     All declared Imports should be used.
Flavors: r-devel-linux-x86_64-fedora-clang, r-devel-linux-x86_64-fedora-gcc, r-patched-solaris-x86, r-release-osx-x86_64, r-oldrel-osx-x86_64