CRAN Package Check Results for Package pointdexter

Last updated on 2019-07-16 07:50:58 CEST.

Flavor Version Tinstall Tcheck Ttotal Status Flags
r-devel-linux-x86_64-debian-clang 0.1.1 2.93 40.27 43.20 OK
r-devel-linux-x86_64-debian-gcc 0.1.1 2.32 32.87 35.19 OK
r-devel-linux-x86_64-fedora-clang 0.1.1 52.33 NOTE
r-devel-linux-x86_64-fedora-gcc 0.1.1 51.96 NOTE
r-devel-windows-ix86+x86_64 0.1.1 8.00 53.00 61.00 OK
r-patched-linux-x86_64 0.1.1 2.70 39.79 42.49 OK
r-patched-solaris-x86 0.1.1 82.40 NOTE
r-release-linux-x86_64 0.1.1 2.48 39.82 42.30 OK
r-release-windows-ix86+x86_64 0.1.1 7.00 87.00 94.00 OK
r-release-osx-x86_64 0.1.1 NOTE
r-oldrel-windows-ix86+x86_64 0.1.1 5.00 48.00 53.00 OK
r-oldrel-osx-x86_64 0.1.1 NOTE

Check Details

Version: 0.1.1
Check: data for non-ASCII characters
Result: NOTE
     Note: found 328 marked UTF-8 strings
Flavors: r-devel-linux-x86_64-fedora-clang, r-devel-linux-x86_64-fedora-gcc, r-patched-solaris-x86, r-release-osx-x86_64, r-oldrel-osx-x86_64