CRAN Package Check Results for Package prognosticROC

Last updated on 2021-10-15 19:52:03 CEST.

Flavor Version Tinstall Tcheck Ttotal Status Flags
r-devel-linux-x86_64-debian-clang 0.7 6.29 52.60 58.89 NOTE
r-devel-linux-x86_64-debian-gcc 0.7 5.78 41.45 47.23 NOTE
r-devel-linux-x86_64-fedora-clang 0.7 81.33 NOTE
r-devel-linux-x86_64-fedora-gcc 0.7 71.05 NOTE
r-devel-windows-x86_64 0.7 9.00 55.00 64.00 NOTE
r-devel-windows-x86_64-gcc10-UCRT 0.7 NOTE
r-patched-linux-x86_64 0.7 7.17 51.68 58.85 NOTE
r-patched-solaris-x86 0.7 106.30 NOTE
r-release-linux-x86_64 0.7 5.65 51.57 57.22 NOTE
r-release-macos-arm64 0.7 NOTE
r-release-macos-x86_64 0.7 NOTE
r-release-windows-ix86+x86_64 0.7 16.00 59.00 75.00 NOTE
r-oldrel-macos-x86_64 0.7 NOTE
r-oldrel-windows-ix86+x86_64 0.7 16.00 73.00 89.00 NOTE

Check Details

Version: 0.7
Check: dependencies in R code
Result: NOTE
    Packages in Depends field not imported from:
     'splines' 'survival'
     These packages need to be imported from (in the NAMESPACE file)
     for when this namespace is loaded but not attached.
Flavors: r-devel-linux-x86_64-debian-clang, r-devel-linux-x86_64-debian-gcc, r-devel-linux-x86_64-fedora-clang, r-devel-linux-x86_64-fedora-gcc, r-devel-windows-x86_64, r-devel-windows-x86_64-gcc10-UCRT, r-patched-linux-x86_64, r-patched-solaris-x86, r-release-linux-x86_64, r-release-macos-arm64, r-release-macos-x86_64, r-release-windows-ix86+x86_64, r-oldrel-macos-x86_64, r-oldrel-windows-ix86+x86_64

Version: 0.7
Check: R code for possible problems
Result: NOTE
    IndividualPROC: no visible global function definition for 'survfit'
    IndividualPROC: no visible global function definition for 'quantile'
    Undefined global functions or variables:
     quantile survfit
    Consider adding
     importFrom("stats", "quantile")
    to your NAMESPACE file.
Flavors: r-devel-linux-x86_64-debian-clang, r-devel-linux-x86_64-debian-gcc, r-devel-linux-x86_64-fedora-clang, r-devel-linux-x86_64-fedora-gcc, r-devel-windows-x86_64, r-devel-windows-x86_64-gcc10-UCRT, r-patched-linux-x86_64, r-patched-solaris-x86, r-release-linux-x86_64, r-release-macos-arm64, r-release-macos-x86_64, r-release-windows-ix86+x86_64, r-oldrel-macos-x86_64, r-oldrel-windows-ix86+x86_64