CRAN Package Check Results for Package prompt

Last updated on 2021-06-20 19:50:37 CEST.

Flavor Version Tinstall Tcheck Ttotal Status Flags
r-devel-linux-x86_64-debian-clang 1.0.1 2.43 30.95 33.38 NOTE
r-devel-linux-x86_64-debian-gcc 1.0.1 2.26 23.97 26.23 NOTE
r-devel-linux-x86_64-fedora-clang 1.0.1 49.72 NOTE
r-devel-linux-x86_64-fedora-gcc 1.0.1 38.61 NOTE
r-devel-windows-x86_64 1.0.1 5.00 49.00 54.00 NOTE
r-devel-windows-x86_64-gcc10-UCRT 1.0.1 ERROR
r-patched-linux-x86_64 1.0.1 2.99 29.74 32.73 NOTE
r-patched-solaris-x86 1.0.1 58.50 NOTE
r-release-linux-x86_64 1.0.1 2.62 29.68 32.30 NOTE
r-release-macos-arm64 1.0.1 NOTE
r-release-macos-x86_64 1.0.1 NOTE
r-release-windows-ix86+x86_64 1.0.1 6.00 46.00 52.00 NOTE
r-oldrel-macos-x86_64 1.0.1 OK

Check Details

Version: 1.0.1
Check: LazyData
Result: NOTE
     'LazyData' is specified without a 'data' directory
Flavors: r-devel-linux-x86_64-debian-clang, r-devel-linux-x86_64-debian-gcc, r-devel-linux-x86_64-fedora-clang, r-devel-linux-x86_64-fedora-gcc, r-devel-windows-x86_64, r-devel-windows-x86_64-gcc10-UCRT, r-patched-linux-x86_64, r-patched-solaris-x86, r-release-linux-x86_64, r-release-macos-arm64, r-release-macos-x86_64, r-release-windows-ix86+x86_64

Version: 1.0.1
Check: package dependencies
Result: NOTE
    Package suggested but not available for checking: 'gert'
Flavor: r-devel-windows-x86_64-gcc10-UCRT

Version: 1.0.1
Check: tests
Result: ERROR
     Running 'testthat.R'
    Running the tests in 'tests/testthat.R' failed.
    Last 13 lines of output:
     2. \-base::withRestarts(stop(cond), retry_loadNamespace = function() NULL)
     3. \-base:::withOneRestart(expr, restarts[[1L]])
     4. \-base:::doWithOneRestart(return(expr), restart)
     -- Error (test-prompt-git.R:85:3): git_dirty -----------------------------------
     Error: there is no package called 'gert'
     Backtrace:
     x
     1. \-base::loadNamespace(x) test-prompt-git.R:85:2
     2. \-base::withRestarts(stop(cond), retry_loadNamespace = function() NULL)
     3. \-base:::withOneRestart(expr, restarts[[1L]])
     4. \-base:::doWithOneRestart(return(expr), restart)
    
     [ FAIL 2 | WARN 0 | SKIP 5 | PASS 40 ]
     Error: Test failures
     Execution halted
Flavor: r-devel-windows-x86_64-gcc10-UCRT