CRAN Package Check Results for Package psbcGroup

Last updated on 2021-10-19 07:49:46 CEST.

Flavor Version Tinstall Tcheck Ttotal Status Flags
r-devel-linux-x86_64-debian-clang 1.5 10.06 67.70 77.76 OK
r-devel-linux-x86_64-debian-gcc 1.5 7.72 52.20 59.92 OK
r-devel-linux-x86_64-fedora-clang 1.5 104.66 OK
r-devel-linux-x86_64-fedora-gcc 1.5 92.51 OK
r-devel-windows-x86_64 1.5 16.00 84.00 100.00 OK
r-devel-windows-x86_64-gcc10-UCRT 1.5 ERROR
r-patched-linux-x86_64 1.5 10.12 65.32 75.44 OK
r-patched-solaris-x86 1.5 137.00 OK
r-release-linux-x86_64 1.5 10.50 65.94 76.44 OK
r-release-macos-arm64 1.5 OK
r-release-macos-x86_64 1.5 OK
r-release-windows-ix86+x86_64 1.5 17.00 115.00 132.00 OK
r-oldrel-macos-x86_64 1.5 OK
r-oldrel-windows-ix86+x86_64 1.5 26.00 117.00 143.00 OK

Check Details

Version: 1.5
Check: PDF version of manual
Result: WARN
    LaTeX errors when creating PDF version.
    This typically indicates Rd problems.
Flavor: r-devel-windows-x86_64-gcc10-UCRT

Version: 1.5
Check: PDF version of manual without hyperrefs or index
Result: ERROR
    Re-running with no redirection of stdout/stderr.
Flavor: r-devel-windows-x86_64-gcc10-UCRT