CRAN Package Check Results for Package psfmi

Last updated on 2021-10-16 19:52:29 CEST.

Flavor Version Tinstall Tcheck Ttotal Status Flags
r-devel-linux-x86_64-debian-clang 1.0.0 27.25 692.98 720.23 OK
r-devel-linux-x86_64-debian-gcc 1.0.0 21.49 494.97 516.46 OK
r-devel-linux-x86_64-fedora-clang 1.0.0 832.27 NOTE
r-devel-linux-x86_64-fedora-gcc 1.0.0 808.29 NOTE
r-devel-windows-x86_64 1.0.0 51.00 594.00 645.00 OK
r-devel-windows-x86_64-gcc10-UCRT 1.0.0 NOTE
r-patched-linux-x86_64 1.0.0 26.36 712.17 738.53 OK
r-patched-solaris-x86 1.0.0 365.80 NOTE
r-release-linux-x86_64 1.0.0 23.92 717.75 741.67 OK
r-release-macos-arm64 1.0.0 NOTE
r-release-macos-x86_64 1.0.0 NOTE
r-release-windows-ix86+x86_64 1.0.0 65.00 860.00 925.00 OK
r-oldrel-macos-x86_64 1.0.0 NOTE
r-oldrel-windows-ix86+x86_64 1.0.0 64.00 871.00 935.00 OK

Check Details

Version: 1.0.0
Check: dependencies in R code
Result: NOTE
    Namespace in Imports field not imported from: ‘miceadds’
     All declared Imports should be used.
Flavors: r-devel-linux-x86_64-fedora-clang, r-devel-linux-x86_64-fedora-gcc, r-devel-windows-x86_64-gcc10-UCRT, r-patched-solaris-x86, r-release-macos-arm64, r-release-macos-x86_64, r-oldrel-macos-x86_64