CRAN Package Check Results for Package raincpc

Last updated on 2019-07-16 07:51:00 CEST.

Flavor Version Tinstall Tcheck Ttotal Status Flags
r-devel-linux-x86_64-debian-clang 0.4 1.89 35.91 37.80 NOTE
r-devel-linux-x86_64-debian-gcc 0.4 1.61 28.91 30.52 NOTE
r-devel-linux-x86_64-fedora-clang 0.4 46.24 NOTE
r-devel-linux-x86_64-fedora-gcc 0.4 45.19 NOTE
r-devel-windows-ix86+x86_64 0.4 9.00 91.00 100.00 NOTE
r-patched-linux-x86_64 0.4 1.98 35.99 37.97 NOTE
r-patched-solaris-x86 0.4 77.30 NOTE
r-release-linux-x86_64 0.4 1.97 35.94 37.91 NOTE
r-release-windows-ix86+x86_64 0.4 5.00 76.00 81.00 NOTE
r-release-osx-x86_64 0.4 NOTE
r-oldrel-windows-ix86+x86_64 0.4 5.00 80.00 85.00 NOTE
r-oldrel-osx-x86_64 0.4 NOTE

Check Details

Version: 0.4
Check: R code for possible problems
Result: NOTE
    cpc_get_rawdata: no visible global function definition for
     'download.file'
    Undefined global functions or variables:
     download.file
    Consider adding
     importFrom("utils", "download.file")
    to your NAMESPACE file.
Flavors: r-devel-linux-x86_64-debian-clang, r-devel-linux-x86_64-debian-gcc, r-devel-linux-x86_64-fedora-clang, r-devel-linux-x86_64-fedora-gcc, r-devel-windows-ix86+x86_64, r-patched-linux-x86_64, r-patched-solaris-x86, r-release-linux-x86_64, r-release-windows-ix86+x86_64, r-release-osx-x86_64, r-oldrel-windows-ix86+x86_64, r-oldrel-osx-x86_64