CRAN Package Check Results for Package randomizeR

Last updated on 2021-10-16 07:49:17 CEST.

Flavor Version Tinstall Tcheck Ttotal Status Flags
r-devel-linux-x86_64-debian-clang 2.0.0 26.36 179.09 205.45 NOTE
r-devel-linux-x86_64-debian-gcc 2.0.0 20.63 130.55 151.18 NOTE
r-devel-linux-x86_64-fedora-clang 2.0.0 278.76 NOTE
r-devel-linux-x86_64-fedora-gcc 2.0.0 272.64 NOTE
r-devel-windows-x86_64 2.0.0 28.00 159.00 187.00 NOTE
r-devel-windows-x86_64-gcc10-UCRT 2.0.0 NOTE
r-patched-linux-x86_64 2.0.0 22.88 173.20 196.08 NOTE
r-patched-solaris-x86 2.0.0 359.90 NOTE
r-release-linux-x86_64 2.0.0 23.94 170.72 194.66 NOTE
r-release-macos-arm64 2.0.0 NOTE
r-release-macos-x86_64 2.0.0 NOTE
r-release-windows-ix86+x86_64 2.0.0 46.00 217.00 263.00 NOTE
r-oldrel-macos-x86_64 2.0.0 OK
r-oldrel-windows-ix86+x86_64 2.0.0 47.00 213.00 260.00 OK

Check Details

Version: 2.0.0
Check: LazyData
Result: NOTE
     'LazyData' is specified without a 'data' directory
Flavors: r-devel-linux-x86_64-debian-clang, r-devel-linux-x86_64-debian-gcc, r-devel-linux-x86_64-fedora-clang, r-devel-linux-x86_64-fedora-gcc, r-devel-windows-x86_64, r-devel-windows-x86_64-gcc10-UCRT, r-patched-linux-x86_64, r-patched-solaris-x86, r-release-linux-x86_64, r-release-macos-arm64, r-release-macos-x86_64, r-release-windows-ix86+x86_64