CRAN Package Check Results for Package rbtc

Last updated on 2021-05-06 19:49:07 CEST.

Flavor Version Tinstall Tcheck Ttotal Status Flags
r-devel-linux-x86_64-debian-clang 0.1-6 6.97 39.07 46.04 NOTE
r-devel-linux-x86_64-debian-gcc 0.1-6 4.67 30.77 35.44 NOTE
r-devel-linux-x86_64-fedora-clang 0.1-6 65.09 NOTE
r-devel-linux-x86_64-fedora-gcc 0.1-6 53.62 NOTE
r-devel-windows-ix86+x86_64 0.1-6 11.00 5.00 16.00 ERROR
r-devel-windows-x86_64-gcc10-UCRT 0.1-6 NOTE
r-patched-linux-x86_64 0.1-6 7.21 37.83 45.04 NOTE
r-patched-solaris-x86 0.1-6 78.90 OK
r-release-linux-x86_64 0.1-6 6.35 37.65 44.00 OK
r-release-macos-x86_64 0.1-6 OK
r-release-windows-ix86+x86_64 0.1-6 10.00 44.00 54.00 OK
r-oldrel-macos-x86_64 0.1-6 OK
r-oldrel-windows-ix86+x86_64 0.1-6 10.00 48.00 58.00 OK

Check Details

Version: 0.1-6
Check: LazyData
Result: NOTE
     'LazyData' is specified without a 'data' directory
Flavors: r-devel-linux-x86_64-debian-clang, r-devel-linux-x86_64-debian-gcc, r-devel-linux-x86_64-fedora-clang, r-devel-linux-x86_64-fedora-gcc, r-devel-windows-x86_64-gcc10-UCRT, r-patched-linux-x86_64

Version: 0.1-6
Check: whether package can be installed
Result: ERROR
    Installation failed.
Flavor: r-devel-windows-ix86+x86_64