CRAN Package Check Results for Package redshiftTools

Last updated on 2019-07-16 07:51:01 CEST.

Flavor Version Tinstall Tcheck Ttotal Status Flags
r-devel-linux-x86_64-debian-clang 1.0.1 3.04 33.96 37.00 OK
r-devel-linux-x86_64-debian-gcc 1.0.1 2.77 27.09 29.86 OK
r-devel-linux-x86_64-fedora-clang 1.0.1 44.29 OK
r-devel-linux-x86_64-fedora-gcc 1.0.1 42.62 OK
r-devel-windows-ix86+x86_64 1.0.1 58.00 218.00 276.00 OK
r-patched-linux-x86_64 1.0.1 3.47 33.53 37.00 OK
r-patched-solaris-x86 1.0.1 64.40 NOTE
r-release-linux-x86_64 1.0.1 3.23 33.46 36.69 OK
r-release-windows-ix86+x86_64 1.0.1 49.00 242.00 291.00 OK
r-release-osx-x86_64 1.0.1 OK
r-oldrel-windows-ix86+x86_64 1.0.1 38.00 215.00 253.00 OK
r-oldrel-osx-x86_64 1.0.1 OK

Check Details

Version: 1.0.1
Check: package dependencies
Result: NOTE
    Package suggested but not available for checking: ‘RPostgres’
Flavor: r-patched-solaris-x86