CRAN Package Check Results for Package replyr

Last updated on 2019-07-16 07:51:01 CEST.

Flavor Version Tinstall Tcheck Ttotal Status Flags
r-devel-linux-x86_64-debian-clang 1.0.3 7.16 78.88 86.04 OK
r-devel-linux-x86_64-debian-gcc 1.0.3 5.72 61.84 67.56 OK
r-devel-linux-x86_64-fedora-clang 1.0.3 103.59 NOTE
r-devel-linux-x86_64-fedora-gcc 1.0.3 103.26 OK
r-devel-windows-ix86+x86_64 1.0.3 22.00 126.00 148.00 NOTE
r-patched-linux-x86_64 1.0.3 6.97 78.16 85.13 OK
r-patched-solaris-x86 1.0.3 118.50 NOTE
r-release-linux-x86_64 1.0.2 7.03 76.97 84.00 OK
r-release-windows-ix86+x86_64 1.0.2 17.00 138.00 155.00 NOTE
r-release-osx-x86_64 1.0.3 NOTE
r-oldrel-windows-ix86+x86_64 1.0.3 11.00 79.00 90.00 NOTE
r-oldrel-osx-x86_64 1.0.3 NOTE

Check Details

Version: 1.0.3
Check: installed package size
Result: NOTE
     installed size is 5.4Mb
     sub-directories of 1Mb or more:
     doc 5.1Mb
Flavors: r-devel-linux-x86_64-fedora-clang, r-devel-windows-ix86+x86_64, r-patched-solaris-x86, r-release-osx-x86_64, r-oldrel-windows-ix86+x86_64, r-oldrel-osx-x86_64

Version: 1.0.2
Check: installed package size
Result: NOTE
     installed size is 5.4Mb
     sub-directories of 1Mb or more:
     doc 5.1Mb
Flavor: r-release-windows-ix86+x86_64