CRAN Package Check Results for Package rfviz

Last updated on 2019-07-16 07:51:01 CEST.

Flavor Version Tinstall Tcheck Ttotal Status Flags
r-devel-linux-x86_64-debian-clang 1.0.0 2.53 26.77 29.30 OK
r-devel-linux-x86_64-debian-gcc 1.0.0 1.91 22.27 24.18 OK
r-devel-linux-x86_64-fedora-clang 1.0.0 37.76 NOTE
r-devel-linux-x86_64-fedora-gcc 1.0.0 37.56 NOTE
r-devel-windows-ix86+x86_64 1.0.0 10.00 45.00 55.00 OK
r-patched-linux-x86_64 1.0.0 2.54 27.71 30.25 OK
r-patched-solaris-x86 1.0.0 61.80 NOTE
r-release-linux-x86_64 1.0.0 2.37 27.53 29.90 OK
r-release-windows-ix86+x86_64 1.0.0 8.00 72.00 80.00 OK
r-release-osx-x86_64 1.0.0 NOTE
r-oldrel-windows-ix86+x86_64 1.0.0 9.00 45.00 54.00 OK
r-oldrel-osx-x86_64 1.0.0 NOTE

Check Details

Version: 1.0.0
Check: dependencies in R code
Result: NOTE
    Namespace in Imports field not imported from: ‘base’
     All declared Imports should be used.
Flavors: r-devel-linux-x86_64-fedora-clang, r-devel-linux-x86_64-fedora-gcc, r-patched-solaris-x86, r-release-osx-x86_64, r-oldrel-osx-x86_64