CRAN Package Check Results for Package riskRegression

Last updated on 2021-10-16 19:52:31 CEST.

Flavor Version Tinstall Tcheck Ttotal Status Flags
r-devel-linux-x86_64-debian-clang 2021.10.10 241.08 520.94 762.02 OK
r-devel-linux-x86_64-debian-gcc 2021.10.10 187.87 361.95 549.82 OK
r-devel-linux-x86_64-fedora-clang 2021.10.10 1082.50 NOTE
r-devel-linux-x86_64-fedora-gcc 2021.10.10 981.17 OK
r-devel-windows-x86_64 2021.10.10 292.00 598.00 890.00 OK
r-devel-windows-x86_64-gcc10-UCRT 2021.10.10 OK
r-patched-linux-x86_64 2021.10.10 234.74 475.54 710.28 OK
r-patched-solaris-x86 2021.10.10 955.00 OK
r-release-linux-x86_64 2021.10.10 223.74 471.87 695.61 OK
r-release-macos-arm64 2020.12.08 NOTE
r-release-macos-x86_64 2021.10.10 NOTE
r-release-windows-ix86+x86_64 2021.10.10 369.00 703.00 1072.00 OK
r-oldrel-macos-x86_64 2021.10.10 NOTE
r-oldrel-windows-ix86+x86_64 2020.12.08 423.00 8.00 431.00 ERROR

Check Details

Version: 2021.10.10
Check: installed package size
Result: NOTE
     installed size is 9.7Mb
     sub-directories of 1Mb or more:
     libs 8.3Mb
Flavors: r-devel-linux-x86_64-fedora-clang, r-release-macos-x86_64, r-oldrel-macos-x86_64

Version: 2020.12.08
Check: installed package size
Result: NOTE
     installed size is 11.2Mb
     sub-directories of 1Mb or more:
     libs 9.7Mb
Flavor: r-release-macos-arm64

Version: 2020.12.08
Check: whether package can be installed
Result: ERROR
    Installation failed.
Flavor: r-oldrel-windows-ix86+x86_64