CRAN Package Check Results for Package rivernet

Last updated on 2019-07-16 07:51:02 CEST.

Flavor Version Tinstall Tcheck Ttotal Status Flags
r-devel-linux-x86_64-debian-clang 1.2 3.94 24.75 28.69 NOTE
r-devel-linux-x86_64-debian-gcc 1.2 3.14 20.01 23.15 NOTE
r-devel-linux-x86_64-fedora-clang 1.2 35.43 NOTE
r-devel-linux-x86_64-fedora-gcc 1.2 33.26 NOTE
r-devel-windows-ix86+x86_64 1.2 8.00 33.00 41.00 OK
r-patched-linux-x86_64 1.2 3.61 25.01 28.62 OK
r-patched-solaris-x86 1.2 50.00 OK
r-release-linux-x86_64 1.2 3.33 24.97 28.30 OK
r-release-windows-ix86+x86_64 1.2 7.00 42.00 49.00 OK
r-release-osx-x86_64 1.2 OK
r-oldrel-windows-ix86+x86_64 1.2 3.00 34.00 37.00 OK
r-oldrel-osx-x86_64 1.2 OK

Check Details

Version: 1.2
Check: for non-standard things in the check directory
Result: NOTE
    Found the following files/directories:
     'rivernet_example_coord.csv' 'rivernet_example_node.csv'
     'rivernet_example_reach.csv'
Flavors: r-devel-linux-x86_64-debian-clang, r-devel-linux-x86_64-debian-gcc, r-devel-linux-x86_64-fedora-clang, r-devel-linux-x86_64-fedora-gcc