CRAN Package Check Results for Package rmarkdown

Last updated on 2019-07-16 07:51:02 CEST.

Flavor Version Tinstall Tcheck Ttotal Status Flags
r-devel-linux-x86_64-debian-clang 1.14 9.45 55.14 64.59 OK
r-devel-linux-x86_64-debian-gcc 1.14 7.48 44.06 51.54 OK
r-devel-linux-x86_64-fedora-clang 1.14 76.81 NOTE
r-devel-linux-x86_64-fedora-gcc 1.14 76.33 OK
r-devel-windows-ix86+x86_64 1.14 28.00 89.00 117.00 NOTE
r-patched-linux-x86_64 1.14 8.41 55.66 64.07 OK
r-patched-solaris-x86 1.14 111.00 NOTE
r-release-linux-x86_64 1.14 7.83 55.52 63.35 OK
r-release-windows-ix86+x86_64 1.13 18.00 81.00 99.00 NOTE
r-release-osx-x86_64 1.14 NOTE
r-oldrel-windows-ix86+x86_64 1.14 16.00 63.00 79.00 NOTE
r-oldrel-osx-x86_64 1.14 NOTE

Check Details

Version: 1.14
Check: installed package size
Result: NOTE
     installed size is 9.2Mb
     sub-directories of 1Mb or more:
     rmd 8.3Mb
Flavors: r-devel-linux-x86_64-fedora-clang, r-devel-windows-ix86+x86_64, r-patched-solaris-x86, r-release-osx-x86_64, r-oldrel-windows-ix86+x86_64, r-oldrel-osx-x86_64

Version: 1.13
Check: installed package size
Result: NOTE
     installed size is 8.8Mb
     sub-directories of 1Mb or more:
     rmd 8.1Mb
Flavor: r-release-windows-ix86+x86_64