CRAN Package Check Results for Package rolr

Last updated on 2021-10-21 07:50:08 CEST.

Flavor Version Tinstall Tcheck Ttotal Status Flags
r-devel-linux-x86_64-debian-clang 1.0.0 2.45 61.34 63.79 NOTE
r-devel-linux-x86_64-debian-gcc 1.0.0 1.82 45.71 47.53 NOTE
r-devel-linux-x86_64-fedora-clang 1.0.0 83.79 NOTE
r-devel-linux-x86_64-fedora-gcc 1.0.0 74.25 NOTE
r-devel-windows-x86_64 1.0.0 4.00 69.00 73.00 NOTE
r-devel-windows-x86_64-gcc10-UCRT 1.0.0 NOTE
r-patched-linux-x86_64 1.0.0 2.60 58.87 61.47 NOTE
r-patched-solaris-x86 1.0.0 102.40 NOTE
r-release-linux-x86_64 1.0.0 2.39 57.48 59.87 NOTE
r-release-macos-arm64 1.0.0 NOTE
r-release-macos-x86_64 1.0.0 NOTE
r-release-windows-ix86+x86_64 1.0.0 4.00 87.00 91.00 NOTE
r-oldrel-macos-x86_64 1.0.0 OK
r-oldrel-windows-ix86+x86_64 1.0.0 5.00 85.00 90.00 OK

Check Details

Version: 1.0.0
Check: LazyData
Result: NOTE
     'LazyData' is specified without a 'data' directory
Flavors: r-devel-linux-x86_64-debian-clang, r-devel-linux-x86_64-debian-gcc, r-devel-linux-x86_64-fedora-clang, r-devel-linux-x86_64-fedora-gcc, r-devel-windows-x86_64, r-devel-windows-x86_64-gcc10-UCRT, r-patched-linux-x86_64, r-patched-solaris-x86, r-release-linux-x86_64, r-release-macos-arm64, r-release-macos-x86_64, r-release-windows-ix86+x86_64